82 is divided by p?
10
Suppose 7*k - 6*k = 2*r - 486, -3*k + 1193 = 5*r. Let t = 260 - r. Calculate the remainder when t is divided by 2.
1
Suppose -84*u + 86*u + 3*k = 848, k - 422 = -u. Calculate the remainder when u is divided by 356.
62
Suppose 2*q + 25 = 37. Let l(k) = 8*k**2 + 5*k - 40. Calculate the remainder when l(q) is divided by 31.
30
Let u(l) = 3*l - 2. Let s(t) = -t**2 + 17*t - 13. Let p be s(15). Suppose 20*x - 45 = p*x. What is the remainder when u(10) is divided by x?
13
Suppose 5*q - 3*y - 256 = 0, y - 38 = 3*q - 190. What is the remainder when 55 is divided by ((-120)/q)/((-171)/(-60) + -3)?
7
Suppose 3*t + 12*t = 165. Suppose 0 = -k - 5*s + t, k + 3*s + 0*s - 21 = 0. Calculate the remainder when 50 is divided by k.
14
Suppose -2*m = 3*m - 50. Let o be ((-609)/12 + -5)*8. Let z = o + 495. What is the remainder when z is divided by m?
9
Suppose 0 = 7*a + 3*n - 525, a + 4*n - 2*n = 75. What is the remainder when 2095 is divided by a?
70
Suppose -58*d + 634494 = 116844. What is the remainder when d is divided by 36?
33
Suppose -138*o + 7282 = -149*o. Let d = 704 + o. Calculate the remainder when 110 is divided by d.
26
Suppose 321*j = 325*j - 12. Suppose 4*u = 3*k - 236, -243 = -j*k - 6*u + 3*u. Let r = 26 + -12. Calculate the remainder when k is divided by r.
10
Suppose -3*x = -10 - 2. Suppose -126 - 324 = 9*u. What is the remainder when (u/(-8))/((-8)/(-32)) is divided by x?
1
Calculate the remainder when 3983 is divided by 292/6 + 8/144*-12.
47
Let x = 12 + 13. Suppose 5*r - 2*d - 94 = 4*r, 488 = 5*r - d. Calculate the remainder when r is divided by x.
23
Suppose 3*u = -w - u - 13, 0 = 4*w - 4*u - 8. Let f(x) = -x**3 + 6*x**2 + 7*x - 3. What is the remainder when f(6) is divided by 10 + (-81)/36 + w/(-4)?
7
Suppose 0 = 34*t - 72*t + 2280. Calculate the remainder when 65 is divided by t.
5
Suppose -5*u + 2 = -2*y, 3*y - 2*y + 4 = 4*u. Calculate the remainder when 26 is divided by (4 + (-120)/25)/(u/(-25)).
6
Suppose -349*m + 312 - 202 = -239. Calculate the remainder when 602 is divided by m.
0
Let j = -193193 - -193261. What is the remainder when (-3)/(-4)*(-268)/(-1) is divided by j?
65
Let i = -20 + 516. Let b = -466 + i. What is the remainder when b is divided by 12?
6
Let t = -28631 + 29241. Calculate the remainder when t is divided by 181.
67
Let m(f) = 3*f**2 - 9*f - 4. Let j be 2/7 - (-510)/(-70). Calculate the remainder when m(j) is divided by 69.
68
Let j(s) = -88*s + 26. Let d be j(2). Calculate the remainder when (-30)/d + 204/5 is divided by 24.
17
Let q be 694/(-5) - 8/40. Let k = q - -201. What is the remainder when k is divided by 21?
20
Let i(o) = -o**2 - 9*o - 26. Let z be i(-8). Calculate the remainder when (1/(-2))/(1/(-66)) is divided by 160/12 + ((-84)/z - 5).
7
Suppose 16*n = 150737 - 20849. Calculate the remainder when n is divided by 290.
288
Let l(v) = -v. Let g(q) = -5*q**2 - 67*q - 10. Let y(r) = -g(r) + 5*l(r). Calculate the remainder when y(-13) is divided by 25.
24
What is the remainder when 855 is divided by (299/230)/((-2)/5)*-24?
75
Suppose -d + 3*n + 1926 = 0, 31*n - 27*n = -4*d + 7672. Calculate the remainder when d is divided by 479.
4
Calculate the remainder when (-11 - (8 - 7) - 5)*(-93 + -2) is divided by 108.
103
Suppose 0 = -30*a + 13936 + 18914. Calculate the remainder when a is divided by 50.
45
Let l be ((-33)/(-5))/(15/225). Suppose 0 = -2*r + 15 - 5. Suppose 3*d + 5*a = l + 100, -a = -r. What is the remainder when d is divided by 24?
10
Suppose 1218 = 5*s + 3*u, 3*s - 154 = -5*u + 580. Calculate the remainder when 477 is divided by s.
234
Let t(x) = -2*x + 87. Suppose -5*o + 48 = -3*z - 68, 0 = -o - 5*z + 12. Calculate the remainder when t(0) is divided by o.
21
Suppose 3*f = 112 + 44. Let z be (15/(-5) + 4)*(7 + -16). What is the remainder when f is divided by (z/2)/((6 - 12)/12)?
7
Let v be (-13)/15 + 32/(-240). What is the remainder when 292 is divided by ((-14)/1*v)/((-130)/(-195))?
19
Suppose 2*t - 3*s - 289 = -2*t, 0 = 5*t - 4*s - 360. Suppose -18 = -6*o + 6. Calculate the remainder when t is divided by o*36/4*3/4.
22
What is the remainder when (-49872)/(-84) - (1 + (-36)/28) is divided by 100?
94
Suppose -6*s + 10135 - 7352 = 17*s. What is the remainder when s is divided by 1/(-3) + 552/9?
60
Let w(f) = -2*f - 32. Calculate the remainder when (-6)/10 + (-3553)/(-55) is divided by w(-27).
20
Suppose 7*p - 4*p = -z + 7961, -3*z + 15 = 0. Let h = 11572 - p. What is the remainder when 119 is divided by ((-2)/8)/(-9 - h/(-992))?
26
Let x(v) = 5*v**2 + 2. Calculate the remainder when x(-2) is divided by (201/603)/(2/(-14)*(245/42)/(-5)).
0
Suppose 0*t = -4*t + 172. Let u = 360 - 368. Calculate the remainder when (5 + 34/u)/(2/448) is divided by t.
39
Suppose -3*h + 22 = l - 35, -2*h + 82 = 2*l. What is the remainder when 1220 is divided by l?
32
Suppose i = -2*i + 228. Let r be 297/(-12)*(-320)/60. Calculate the remainder when i is divided by (44/r)/(3/99).
10
Let u(c) = -c**2 + 36*c - 52. Let y be u(16). Let g = 294 - y. Calculate the remainder when 95 is divided by g.
17
Calculate the remainder when 411 is divided by ((-968)/60 + (-4)/(-5))*-3.
43
Let i = 6162 + -4948. What is the remainder when i is divided by 64?
62
Suppose 12*i - 6*i = -6. Let w be 2 + -6 - 0/i. Calculate the remainder when 2/(w/(-98)) + -1 + -2 is divided by 17.
12
Let v = 3 + -3. Suppose v = o + 4*o - 275. What is the remainder when ((-1)/(-7))/(31/47523) is divided by o?
54
Let v be (40/24)/(0 - (-1)/6). What is the remainder when 61 is divided by 5/2*72/v?
7
Let f(a) = a**3 - 19*a**2 + 77*a + 17. Suppose 0 = -t - 18 + 81. What is the remainder when t is divided by f(13)?
3
Let o(b) = -2*b**3 + 15*b**2 + 7*b + 9. Let d be o(7). Let l = 213 - d. Calculate the remainder when l is divided by 35/(-5) - -11 - -1*5.
7
Suppose -2*r + 9*a + 7964 = 2722, 4*r = 3*a + 10574. What is the remainder when 2650 is divided by r?
2
Suppose -6*f = -5*r - 7257, -1329 = 4*f - r - 6160. What is the remainder when f is divided by 11?
8
Suppose -9*l + 5*l + 1347 = 5*z, 3*l = 4*z + 987. Suppose -l*a = -329*a - 56. Calculate the remainder when 219 is divided by a.
9
Let p = -163 - -167. Suppose -p*v + 3*i = -535, 0*v - i = 5*v - 664. What is the remainder when v is divided by 45?
43
Let u = -8376 + 8485. Calculate the remainder when 670 is divided by u.
16
Let s(u) = 28*u - 54. Let y be s(14). Let a = 448 - y. What is the remainder when a is divided by 60?
50
Suppose 0 = -226*c + 240*c - 518. Calculate the remainder when 1775 is divided by c.
36
Let d(i) = i**2 - 5*i + 6. Suppose 3*a + 2*a - 15 = 0. Let j be (-1 - -2) + (8 - a). Calculate the remainder when 46 is divided by d(j).
10
Let f(u) = u**2 + 13*u - 1474. Calculate the remainder when 1844 is divided by f(35).
196
Let s be 0*6/30*-1. Suppose -t + 4*j + 171 = s, -14*t + 12*t + 3*j + 317 = 0. What is the remainder when t is divided by 74?
3
Suppose 0 = 6*t - 518 + 80. Suppose -202 + t = -3*m. Calculate the remainder when m is divided by 22.
21
Suppose 19*q - 3*q - 224 = 0. Calculate the remainder when (-8 + 6)/((-6)/1893) - 2 is divided by q.
13
Suppose -185 = 8*r + 1031. Let a = -131 - r. Calculate the remainder when a is divided by 9.
3
Let b(j) = -543*j**3 - j**2 + j + 1. Let g be b(-1). Suppose -g - 178 = -24*s. Calculate the remainder when s is divided by 1*(-2 - 0) + 18.
14
Let v(q) = -192*q + 1069. What is the remainder when v(5) is divided by 19?
14
Suppose 364*i = -4*p + 359*i + 205, -5*p - 2*i = -286. Let c = 3 + 0. Suppose 9 + 37 = c*z - 2*a, 20 = 5*a. Calculate the remainder when p is divided by z.
6
Calculate the remainder when (-4*(-9)/60)/((-4701)/(-1175) - 4) is divided by 228.
21
Let q(x) = 2*x**3 + x**2 + x + 1. Let r be q(-1). Suppose 4*g = 11*g - 427. Calculate the remainder when 82 is divided by g/4 + r - 3/12.
12
Suppose 2*u - 1967 = -1965, 5*u + 1531 = 4*n. Calculate the remainder when n is divided by 224.
160
Let o(q) = -972*q - 17478. Calculate the remainder when 718 is divided by o(-18).
16
Let o = -259636 + 259646. Calculate the remainder when o is divided by (3*2 + 1)*1.
3
Let x = -4144 + 13601. What is the remainder when x is divided by 114?
109
Let m(z) = z + 230. Let g be m(0). Suppose 20*n = 15*n + g. Let t = 21 + -13. Calculate the remain